 is divided by s.
3
Let i = -34 - -15. Suppose -10 = 2*s - 2. What is the remainder when (i - -3)*10/s is divided by 14?
12
Let u(n) = -n**2. Let o be u(1). Calculate the remainder when o*15*3/(-9) is divided by 2*(-2)/(-2*1).
1
Let f(c) = 6*c - 2. Let g be (1 - -2) + 1 + -1. Calculate the remainder when 63 is divided by f(g).
15
Calculate the remainder when 57 is divided by 1/(4 + (-158)/40).
17
Let x = 64 + -12. Let z(k) = -k**3 + 2*k - 3. What is the remainder when x is divided by z(-3)?
16
Let w(n) = 0*n**3 + 3*n**3 + 6 + 9*n**2 + 0*n**3 - 10*n - 2*n**3. Calculate the remainder when 10 is divided by w(-10).
4
Suppose 0 = -4*t + 3*z - 76, -2*z = -4*t - 4*z - 76. Let f = -8 - t. Calculate the remainder when 19 is divided by f.
8
Let z(g) = -g + 3*g - 4 + 3*g**2 - 7*g. Calculate the remainder when 70 is divided by z(4).
22
Suppose -4*x - 3*g = -17, -3*x - g + 7 = -x. What is the remainder when 21 is divided by 12/(x/(-1 + 3))?
9
Suppose -5*s + 25 = -0*s. What is the remainder when 12 is divided by s?
2
Let s(v) = -19*v + 7. What is the remainder when s(-4) is divided by 15?
8
Calculate the remainder when 6/(-15) - 1302/(-30) is divided by 16.
11
Let c(t) be the first derivative of 1/2*t**4 + 1/2*t**2 + 2/3*t**3 + 3 + t. What is the remainder when c(2) is divided by 14?
13
Suppose r - 2*p = -3*r + 190, -5*r = -5*p - 250. What is the remainder when r is divided by 17?
11
Suppose -2*w + 24 = -w + 2*r, 0 = 3*w + 2*r - 52. Suppose 4*x - 132 = -a, 5*a - w = -3*x + 2*x. Calculate the remainder when x is divided by 12.
10
Suppose -18 = -p + 3*i - 0*i, -2*p = 3*i. Calculate the remainder when 38 is divided by (105/(-28))/(p/(-16)).
8
Suppose -13 = -d - u + 9, 3*d - u = 46. What is the remainder when 67 is divided by d?
16
What is the remainder when 7 is divided by (2 - 48/15)*(-10)/3?
3
Let y(d) be the first derivative of d**3/3 - d**2 + 4*d + 4. What is the remainder when y(-6) is divided by 27?
25
Let x be ((-8)/10)/(4/(-70)). Let a = 10 - x. What is the remainder when 56/(-4)*2/a is divided by 4?
3
Suppose -2*g + 50 = -c, -5*g - 2*c - c + 147 = 0. Let j(i) = -i**2 - i + 14. What is the remainder when g is divided by j(0)?
13
Suppose 2*b + 15 = -t, -3*t - 3*b = 15 + 15. Let z(u) = 0*u**2 + 2*u**2 - 5 + 5*u + 0. Calculate the remainder when 59 is divided by z(t).
19
Calculate the remainder when (1/(-2) + 2)*(-310)/(-15) is divided by 16.
15
Let t(d) = -d**3 - 13*d**2 - 13*d - 10. Let y be t(-12). Calculate the remainder when 9 is divided by -6*(-1)/2*y.
3
Let c = 40 + -35. Calculate the remainder when 5 is divided by c.
0
Suppose -f - 18 = -p, -9*p = -8*p - 3*f - 18. Suppose 0*x + 2*z = -x + 27, 3*x - 87 = -4*z. Calculate the remainder when x is divided by p.
15
Let u = -17 + 11. Let k = -3 - u. Suppose -2*m + 17 = -0*m + x, 11 = 2*m - x. What is the remainder when m is divided by k?
1
Suppose 0 = -4*h - h + 30. Calculate the remainder when 99 is divided by h.
3
Let i(v) = -v**3 + 5*v**2 + 4*v - 1. What is the remainder when i(4) is divided by 12?
7
Let s = 11 + -8. Let p = s - 1. What is the remainder when (p/(-6))/((-6)/630) is divided by 9?
8
Let t be (-2 - 0)*-1 + 3. Suppose t*k = -7 - 3. What is the remainder when ((-41)/(-2))/(k/(-4)) is divided by 14?
13
Let k(h) = -2*h**3 - 7*h**2 - 10*h - 10. What is the remainder when 73 is divided by k(-3)?
7
Let o(i) = -3*i - 7. What is the remainder when 89 is divided by o(-10)?
20
Let v(z) = 22*z**3 - 2*z**2 + z. Suppose 18*t + 4 = 22*t. Calculate the remainder when v(t) is divided by 12.
9
Let d(x) = -3*x + 2. Let j be (3 - 3)*(-1)/(-2). Suppose j = -5*r - 3*p - 2*p - 10, 10 = -2*p. What is the remainder when d(-3) is divided by r?
2
Suppose -23 = -3*t - 2. Calculate the remainder when 19 is divided by t.
5
Calculate the remainder when 32 is divided by (0 - 6) + 5 - (-8)/1.
4
Calculate the remainder when 52 + 0/3 + 3 + -4 is divided by 26.
25
Let k(n) = -2*n**3 + 4*n**2 + 5*n + 4. What is the remainder when k(-2) is divided by (-4)/(-2) - (-4 + -1)?
5
Calculate the remainder when 28/(-8)*92/(-7) is divided by 12.
10
Let o be 12/18 + 2/(-3). Suppose 5*y = 2*t + 28, -4*y - t + 2 + 10 = o. What is the remainder when y is divided by 4?
0
Suppose p - 2*a - 2 = 0, -4 - 5 = -3*a. What is the remainder when p is divided by 5?
3
Let c(k) = k**2 - 2*k + 3. Calculate the remainder when 125 is divided by c(5).
17
Suppose -2*j - 8 = -2*x - 3*j, -4*x - j + 14 = 0. Calculate the remainder when 5 is divided by x.
2
Let s(o) = o**3 + 7*o**2 + 6*o + 8. Let b be s(-6). Suppose -5*d + 12 + 12 = -p, 3*d = -5*p - b. Calculate the remainder when d is divided by 3.
1
Suppose 95 - 23 = 6*f. What is the remainder when 15 is divided by f?
3
Suppose 8*n = 13*n - 985. What is the remainder when n is divided by 50?
47
Let s = -10 - -18. Let m be 0 + (s - (1 - 1)). Suppose -m = -l + 6. What is the remainder when 41 is divided by l?
13
What is the remainder when 27 is divided by ((-7)/4)/((-4)/32)?
13
Let g = 33 + -18. What is the remainder when 59 is divided by g?
14
Suppose -4 = 5*y - 6*y. Suppose -102 = -3*t - 0*t. Suppose 4*u - t = -5*k, u = 3*k - 0*k - 34. What is the remainder when k is divided by y?
2
Suppose 0 = -q + 5*n + 4 + 9, 0 = -5*q + 2*n + 157. What is the remainder when q is divided by 12?
9
Let y(n) = 2*n**3 - 4*n**2 + 2*n. Let j be y(2). Suppose -2*u - j*h = -46, 2*u + 7*h = 2*h + 43. Calculate the remainder when u is divided by 10.
9
Suppose 0*y - 4*t - 34 = -3*y, -3*t - 30 = -3*y. Suppose -4*l = 4, 3*o + 3*l - 37 = -o. What is the remainder when o is divided by 3/y*14 + -1?
4
Suppose -w = 5 - 3. Let h = 18 - w. Let b = 37 - h. Calculate the remainder when b is divided by 9.
8
Let s = 68 + -35. What is the remainder when 162 is divided by s?
30
Suppose 0 = -2*c - 3*t + 243, -3*c + 8*c + t - 575 = 0. What is the remainder when c is divided by 23?
22
Let n(h) = 0*h + 1 - 1 + 2*h + 2. Calculate the remainder when 53 is divided by n(6).
11
Let j(y) = 52*y**2 - y. What is the remainder when j(-1) is divided by 19?
15
Let d(w) = 11*w + 7. Suppose -n + 71 = 3*n + 5*i, 0 = n + 4*i - 15. What is the remainder when d(6) is divided by n?
16
Suppose -5*z + 30 = -5*b, -4*z = b + 9 - 43. What is the remainder when 28 is divided by z?
4
Let r = 15 - 4. Let a = 12 - -30. Suppose -4*x = -2*x - a. Calculate the remainder when x is divided by r.
10
Let x(y) = -y**2 - 1 - 5 + 1 - 10*y + 0. Calculate the remainder when 29 is divided by x(-7).
13
Let b = -1 + -2. Let w(y) = -y + 4. Let h be w(b). Let n(z) = z**2 - 2*z - 8. Calculate the remainder when n(h) is divided by 14.
13
Suppose -5*h + h + 28 = 0. Let b = -6 - -8. Suppose -b*m = -h*m + 80. Calculate the remainder when 31 is divided by m.
15
Let z be 5 + (-1 - -2) + -3. Suppose 4*f + 202 = 4*t + t, z*f = -3*t + 132. What is the remainder when t is divided by 11?
9
Let k(f) = -10*f. Let h(g) = g**2 - g - 1. Let m be h(-1). Let y be 3 + -2 - m - 2. What is the remainder when k(y) is divided by 7?
6
Let r = 23 + -36. Let u = r - -75. What is the remainder when u is divided by 16?
14
Let p(j) = 3*j**2 + 5*j. Let g be ((-12)/(-9))/(5/(-15)). Let y = -5 - -20. What is the remainder when p(g) is divided by y?
13
Suppose 5*n - 9*n + 16 = 0. Suppose n*f + f = 155. Calculate the remainder when f is divided by 17.
14
Suppose -21 = 3*w - 9. Let m(c) = -c**3 - 3*c**2 + 3*c - 1. Let v be m(w). Suppose -v*h + 36 - 3 = 0. What is the remainder when 21 is divided by h?
10
Suppose 0 = 3*m - 6*m + 6. Suppose -1 = -m*t + 7. Suppose t*g - 52 = 32. What is the remainder when g is divided by 8?
5
Let w(m) = 2*m**2 + 3*m - 2. Let x be w(-6). Let g = x - 18. What is the remainder when g is divided by 12?
10
Let b(n) = 2*n + 4. Calculate the remainder when (-2 + -1 + 6)/((-9)/(-138)) is divided by b(6).
14
Suppose u = -5*l + 17, -2*u + 2 + 32 = 3*l. What is the remainder when 50 is divided by u?
16
Let l = 11 + 15. What is the remainder when l is divided by -1*(-5)/((-5)/(-14))?
12
Let p(t) = -t + 8. Let j be p(0). Let r(x) = -x**2 + 10*x. Calculate the remainder when r(j) is divided by 6.
4
Let d be -8*(6/4)/3. Let k be 164/16 - (-1)/d. Suppose 0*z + z = k. Calculate the remainder when 29 is divided by z.
9
Let d = -13 + 20. Calculate the remainder when 25 is divided by d.
4
Suppose -4*z - 29 = -l, 2*